e greatest common divisor of v and t.
21
Let t be 0 + 8 + -7 + -15 + 30. Calculate the highest common factor of 1000 and t.
8
Suppose 149*t - 95 - 151 = 52. Let r be -1 - 0 - (-2 - 7). Calculate the highest common factor of r and t.
2
Let a = -12917 + 12945. Calculate the greatest common factor of a and 6587.
7
Let z = -2285 - -2715. What is the greatest common divisor of z and 1634?
86
Let l(s) = -31*s**2 + 1027*s + 1. Let v be l(33). Calculate the highest common factor of 16226 and v.
133
Let t(m) = -m - 4. Let y be t(0). Let v be (114/6 - 13)*(-23)/2. Let q be ((-3)/(-12))/(-1) + v/y. What is the greatest common factor of 34 and q?
17
Suppose -680*g - 480 = -696*g. What is the highest common divisor of g and 170?
10
Let p(b) be the second derivative of 0*b**3 + 1/12*b**4 + 27*b**2 + 1/20*b**5 + 0 - 7*b. Let t be p(0). What is the highest common factor of 18 and t?
18
Suppose -g - 114*r + 113*r + 24063 = 0, g = -2*r + 24062. Calculate the highest common divisor of g and 188.
188
Suppose z + 4 - 37 = -5*g, 3*g + z = 21. Suppose j + 41 = -2*b, 2*b = -2*j - 39 - 53. Let v = j - -53. Calculate the highest common factor of g and v.
2
Let l = -318 - -318. Suppose l = u + 14*u - 1755. Calculate the greatest common factor of u and 27.
9
Suppose 6*k = -64*k - 24377 + 1548277. What is the greatest common divisor of 28 and k?
14
Suppose 76*b - 2560 = -4*b. Let v be (-7)/((-105)/(-10))*-6. Suppose 0 = -3*j - v*f + 19 + 61, -j = -4*f - 48. What is the greatest common divisor of b and j?
32
Suppose -4*l + 8*y + 6259 = 9*y, 2*y - 1577 = -l. Calculate the highest common divisor of 3 and l.
3
Suppose -5*l + 1706 = -2*k, 0 = -4*k - 12 - 0. What is the greatest common divisor of l and 136?
68
Let g(o) = 3*o**2 + 108*o + 123. Let j be g(-35). What is the highest common factor of j and 4077?
9
Suppose 115*l + 8446 - 5268 = 36988. Suppose -4*z + 840 = z. Calculate the greatest common factor of z and l.
42
Let u = 23867 - 22824. What is the highest common divisor of u and 1788?
149
Suppose 284*o - 282*o - 368 = 0. What is the highest common divisor of o and 115?
23
Let v be -2*(27/(-4) + 4/16). Suppose -6*y - 1 + v = 0. Suppose -y*g + 32 = 4*m, -3*m + 3*g + 16 = -8. Calculate the greatest common divisor of m and 4.
4
Let v(m) = m**2 + 6*m - 1. Let w be v(-8). Suppose -5*f = -4*s + 17 + 15, 2*s + 2*f = -2. What is the highest common factor of w and s?
3
Let y = -7324 - -8141. Calculate the highest common divisor of 172 and y.
43
Let r(j) = -3*j**2 + 36*j - 34. Let t be r(10). Let s be 2/(-1)*(-220 + -1). What is the highest common divisor of s and t?
26
Let s(i) = -i**3 - 10*i**2 + i + 10. Let d be s(-10). Suppose d = 8*b + 277 - 1685. Let q = -100 - -111. Calculate the highest common divisor of q and b.
11
Let s(z) = -z**3 - 12*z - 45. Let q be s(-3). Calculate the greatest common factor of q and 10674.
18
Let x(c) = c**3 - 9*c**2 + 14. Let v be x(9). Suppose 4*i - 6 = v, 4*i = -4*u + 40. Calculate the highest common factor of u and 10.
5
Let s(r) = r**3 - 2*r**2 - r - 20. Let f be s(0). Let b = f - -31. Let z = 140 + -19. What is the highest common factor of z and b?
11
Let b(h) = -72*h + 4. Let y be b(4). Let j = -158 - y. Let g(d) = -d**3 + 11*d**2 - 9*d - 4. Let u be g(2). What is the highest common divisor of u and j?
14
Let i(o) = 545*o**3 - 4*o**2 + 3*o. Let u be i(1). Let p = u - 269. Suppose 5*x - 50 - 75 = 0. Calculate the highest common divisor of p and x.
25
Let j be -1*(-135)/18 + (-1)/2 + -1. Let l be (26 - -4) + -3 + 0. Calculate the highest common factor of j and l.
3
Let p be (-5)/2*3912/(-60). Let t = -253 + 255. Suppose 167 = u + 3*m + t*m, m = -u + p. What is the greatest common divisor of u and 18?
18
Suppose 86*m - 294 = 72*m. Calculate the greatest common factor of m and 3549.
21
Suppose -3*n - 2*t + 101 = 0, 133 - 2 = 3*n - 4*t. What is the highest common factor of 407 and n?
37
Let j be (-2 - 50/45*291)*(-9)/6. What is the greatest common divisor of 64 and j?
8
Suppose 24*t - 31*t + 364 = 0. Suppose 3*h + 728 = 2*k - 0*h, -1092 = -3*k - h. Calculate the greatest common divisor of k and t.
52
Suppose -f - 2*x - 221 = 0, -4*x + 233 = -4*f + 3*f. Let i = -168 - f. Calculate the highest common divisor of i and 627.
57
Suppose 0 = -3*o + 5*o - 56. Let n be (-123 + 242)*8/68. What is the highest common divisor of n and o?
14
Suppose 1691*q - 1692*q - 2*y = -44, -2*q + 2*y = -94. Calculate the highest common divisor of q and 322.
46
Let i(t) = t**2 - t + 4. Suppose 0 = -3*f - 3*z + 24, -2*z + 13 = -4*f + 3*z. Let p = -1 - f. Let u be i(p). Calculate the greatest common divisor of u and 3.
3
Let w(v) = -v**3 - 7*v**2 - 8*v - 3. Let z be w(-6). Let i be (0 - 41)*(-75 + 66). What is the greatest common factor of z and i?
9
Let m(r) = -r**3 - 11*r**2 + 17*r - 77. Let k be m(-13). What is the highest common divisor of 116 and k?
4
Let d be ((-4)/4)/(1/(-5)). Suppose -4*m = 7*m - 66. Let k be ((m + -5)*-1)/(-1). Calculate the greatest common divisor of d and k.
1
Suppose -5*i = m - 6, 0 = -3*m - 0*m - 5*i + 58. Suppose -250 = -6*u - 4*t + 234, 2 = -t + 6. Calculate the greatest common divisor of u and m.
26
Let f be -6*(-8)/12 - 130/5. Let z be (-1200)/f - (-18)/(-33). Calculate the highest common divisor of 81 and z.
27
Suppose 0 = -36*y - 15*y + 816. Suppose -y*s + 59*s = 2494. What is the greatest common factor of 986 and s?
58
Let y(z) = z**3 + 12*z**2 + 6*z - 7. Let i be y(-6). Suppose 3*b - t = i, -2*b + 3*t + 43 = -84. What is the greatest common factor of b and 8?
8
Suppose 0 = 6*i + 52 + 98. Let j be 17/((i/5)/(-325)). Calculate the greatest common divisor of 65 and j.
65
Let w(q) = -10*q**2 + 7*q + 1. Let g be w(3). Let y be (g/(-51))/(4/267). Calculate the greatest common divisor of 1 and y.
1
Let x = -12789 + 19651. What is the greatest common divisor of x and 470?
94
Let u = 258 - 10. Let a = -114 + u. Suppose 0 = -3*j + 8*j - 3*v - a, -5*v = j - 10. What is the greatest common factor of j and 10?
5
Suppose k - 5*k + 29 = -5*q, 3*q + 15 = 0. Suppose -2*b + 1 = 4*v - 1, 0 = -b - v + k. Suppose 2 = 3*d - 22. Calculate the greatest common factor of b and d.
1
Suppose -5*r = -4*a + 108, 2*a + r - 68 + 14 = 0. Let u(z) = 18*z**2 - 4 - 9*z**2 + 11 - 4*z. Let b be u(4). What is the highest common factor of b and a?
27
Let i = -18098 - -21402. Calculate the greatest common divisor of i and 448.
56
Let y be 4/(-14)*1 - (-14 - (-19809)/(-217)). Calculate the greatest common divisor of y and 3525.
15
Suppose 111 = 6*a + 63. Suppose a*n - 53 = -45. Suppose -2*l = t + 3, -2*t + 3*l + 7 + 8 = 0. What is the highest common factor of n and t?
1
Let b(a) = -3*a**3 - 3*a**2 - 2*a - 8. Let m be (-6)/12*24 - -8. Let t be b(m). Calculate the greatest common factor of 60 and t.
12
Suppose -3*l - 7 = -70. Suppose -30 = 5*j - 3*j - 2*m, -3*j + 5*m = 49. Let h = j + l. What is the highest common factor of h and 1?
1
Let l = -8532 + 10416. Calculate the greatest common factor of 60 and l.
12
Let c = -7615 - -7714. Calculate the highest common factor of 759 and c.
33
Let l be 112/32 - (-11349)/18*5. What is the highest common factor of l and 36?
12
Let r(s) = -120*s - 1345. Let n be r(-12). What is the highest common divisor of n and 14915?
95
Let w(b) = b**2 + 6*b - 17. Let p be w(5). Suppose -4*c - c + 95 = 3*l, -2*l + p = -3*c. What is the highest common factor of l and 225?
25
Let h = 43 + -42. Let c be ((-504)/(-48))/(h/2). What is the greatest common divisor of 168 and c?
21
Suppose 195 = 2*y - q + 4*q, -4*y + 391 = 5*q. Suppose 8*l - 13 - y = 0. What is the greatest common divisor of l and 84?
14
Suppose -d - 2*j + 47 = 0, -14 = -3*d + 3*j + 163. Let p = 212 - 135. What is the greatest common factor of d and p?
11
Let a(p) = p**3 - 8*p**2 - p - 24. Let c be a(12). Let d be (c/(-105))/(3/(-28)). Calculate the highest common factor of 24 and d.
24
Let h = -17545 - -18679. Calculate the greatest common divisor of 2142 and h.
126
Let y = -19 + 50. Let n(m) = 12*m + 76. Let c be n(-7). Let a(q) = -q**3 - 3*q**2 + 22*q + 73. Let s be a(c). Calculate the greatest common divisor of y and s.
31
Suppose -3*i + g = 456 - 2554, -5*g = i - 662. Calculate the greatest common divisor of 287 and i.
41
Let r(x) = -x + 88. Let m be r(26). Let h = 116 - m. Calculate the hi